{"id":280,"date":"2018-04-15T20:13:39","date_gmt":"2018-04-15T18:13:39","guid":{"rendered":"http:\/\/www.chill-in.cz\/?page_id=280"},"modified":"2023-11-09T13:04:13","modified_gmt":"2023-11-09T12:04:13","slug":"paneer-panyr","status":"publish","type":"page","link":"https:\/\/www.chill-in.cz\/index.php\/paneer-panyr\/","title":{"rendered":"Paneer (Pan\u00fdr)"},"content":{"rendered":"<p><span style=\"display: inline !important; float: none; background-color: #ffffff; color: #333333; cursor: text; font-family: 'Open Sans',sans-serif; font-size: 14px; font-style: normal; font-variant: normal; font-weight: 400; letter-spacing: normal; orphans: 2; text-align: left; text-decoration: none; text-indent: 0px; text-transform: none; -webkit-text-stroke-width: 0px; white-space: normal; word-spacing: 0px;\">P\u0158\u00cdLOHY &amp; ESENCE -&gt; <\/span>PANEER<\/p>\n<p>Pan\u00fdr\/Paneer je takov\u00e1 tuh\u00e1 hmota hmota, kter\u00e1 vzhledem\u00a0p\u0159ipom\u00edn\u00e1 s\u00fdr. Chu\u0165 paneeru je \u017e\u00e1dn\u00e1 (ml\u00e9ko) \u2026 respektive je to chu\u0165ov\u011b kompatibiln\u00ed jako to, v\u00a0\u010dem je to p\u0159\u00edtomno, p\u0159\u00edpadn\u011b marinov\u00e1no. Jeho p\u0159idan\u00e1 hodnota spo\u010d\u00edv\u00e1 v\u00a0jeho nev\u00eddan\u00e9 konzistenci a jemnosti po\u017eitku p\u0159i jeho rozkousnut\u00ed v\u00a0kombinaci s\u00a0masalou, ve kter\u00e9 se nach\u00e1z\u00ed. Kdybych musel b\u00fdt vegetari\u00e1n, sv\u011btlo na konci tunelu by byl pr\u00e1v\u011b paneer.<\/p>\n<p>Paneer je n\u011bkdy prezentov\u00e1n jako <strong>cottage s\u00fdr<\/strong>. Nem\u00e1 to ale nic spole\u010dn\u00fdho s t\u00edm, co pod t\u00edmto n\u00e1zvem najde\u0161 u n\u00e1s v norm\u00e1ln\u00edch obchodech. Paneer se d\u00e1 sehnat v shopech, kter\u00fd jsou p\u0159\u00edmo zam\u011b\u0159en\u00fd na indick\u00fd suroviny. Jeho cena je f\u0161ak podstatn\u011b vy\u0161\u0161\u00ed, ne\u017e kilo ku\u0159ec\u00edho. Levn\u011bj\u0161\u00ed mo\u017enost zd\u00e1 se b\u00fdt si <strong>paneer<\/strong> vyrobit, pokud se ti s t\u00edm chce jebat. Jedn\u00e1 se o hmotu, kter\u00e1 vznikne z \u010derstv\u00fdho plnotu\u010dn\u00fdho ml\u00edka po oh\u0159\u00e1t\u00ed a p\u0159id\u00e1n\u00ed sr\u00e1\u017eedla (n\u011b\u010deho kysel\u00fdho &#8211; citron). Tento proces se jmenuje asi <strong>s\u00fd\u0159en\u00ed ml\u00e9ka kysel\u00fdm sr\u00e1\u017eedlem<\/strong>. Po jist\u00e9 s\u00e9rii \u00fakon\u016f by m\u011bla j\u00edt tato hmota nakr\u00e1jet na krychli\u010dky.<\/p>\n<p><img loading=\"lazy\" decoding=\"async\" class=\"size-large wp-image-1076 alignnone\" src=\"http:\/\/www.chill-in.cz\/wp-content\/uploads\/2019\/06\/Paneer2019_11-1024x683.jpg\" alt=\"\" width=\"730\" height=\"487\" srcset=\"https:\/\/www.chill-in.cz\/wp-content\/uploads\/2019\/06\/Paneer2019_11-1024x683.jpg 1024w, https:\/\/www.chill-in.cz\/wp-content\/uploads\/2019\/06\/Paneer2019_11-300x200.jpg 300w, https:\/\/www.chill-in.cz\/wp-content\/uploads\/2019\/06\/Paneer2019_11-768x512.jpg 768w\" sizes=\"auto, (max-width: 730px) 100vw, 730px\" \/><\/p>\n<p><strong>Na jedno va\u0159en\u00ed \u0161esti porc\u00ed j\u00eddla <a href=\"http:\/\/www.chill-in.cz\/index.php\/paneer-butter-masala\/\">PANEER COKOLIF<\/a> pot\u0159ebuje\u0161:<\/strong><\/p>\n<ul>\n<li>cca t\u0159i litry plnotu\u010dn\u00fdho ml\u00e9ka.\u00a0Ml\u00e9ko by m\u011blo b\u00fdt co nejm\u00ed\u0148 trvanliv\u00fd, tak\u017ee v\u00a0ide\u00e1ln\u00edm p\u0159\u00edpad\u011b rovnou z\u00a0kr\u00e1vy.<\/li>\n<li>t\u0159i prdele citronu, \u010dili \u0161est p\u016flek (kdy\u017e m\u00e1\u0161 ty mal\u00fd citr\u00f3ny).<\/li>\n<li>VOLITELN\u00c9: m\u016f\u017ee, se p\u0159idat smetana a podobn\u011b ml\u00e9\u010dn\u00e9 produkty, co\u017e zv\u00fd\u0161\u00ed v\u00fdsledn\u00fd objem.<\/li>\n<\/ul>\n<p><img loading=\"lazy\" decoding=\"async\" class=\"wp-image-1066 size-large alignnone\" src=\"http:\/\/www.chill-in.cz\/wp-content\/uploads\/2019\/06\/Paneer2019_01-1024x683.jpg\" alt=\"\" width=\"730\" height=\"487\" srcset=\"https:\/\/www.chill-in.cz\/wp-content\/uploads\/2019\/06\/Paneer2019_01-1024x683.jpg 1024w, https:\/\/www.chill-in.cz\/wp-content\/uploads\/2019\/06\/Paneer2019_01-300x200.jpg 300w, https:\/\/www.chill-in.cz\/wp-content\/uploads\/2019\/06\/Paneer2019_01-768x512.jpg 768w\" sizes=\"auto, (max-width: 730px) 100vw, 730px\" \/><\/p>\n<p><strong>Pot\u0159ebn\u00e9 p\u0159\u00edslu\u0161enstv\u00ed:<\/strong><\/p>\n<ul>\n<li>n\u011bjak\u00e1 tkanina, nap\u0159\u00edklad l\u00e1tkov\u00e1 d\u011btsk\u00e1 plena. Nepou\u017eit\u00e1.<\/li>\n<li>velkej cedn\u00edk<\/li>\n<li>dv\u011b desky nebo prk\u00fdnka (kr\u00e1jec\u00ed, nikolif z\u00e1chodov\u00fd)<\/li>\n<li>dv\u011b svorky<\/li>\n<\/ul>\n<p><strong>V\u00fdroba paneeru:\u00a0<\/strong><\/p>\n<p>V\u00fdroba paneeru je rychl\u00e1 akce se snadnou n\u00e1ro\u010dnost\u00ed, jen je t\u0159eba i myslet na to, jak p\u0159izp\u016fsobit workspace. P\u00e1\u010d u toho \u010dlov\u011bk nad\u011bl\u00e1 bordelu, je ide\u00e1ln\u00ed to d\u011blat venku nebo ve van\u011b. V\u00a0kone\u010dn\u00e9 f\u00e1zi bude pot\u0159eba hmotu n\u011bjak slisovat. I to se d\u00e1 jednodu\u0161e obechcat.<\/p>\n<p><strong>1.<\/strong> Ml\u00edko oh\u0159eje\u0161, aby bylo hork\u00fd. Nem\u011blo by to va\u0159it.<\/p>\n<p><img loading=\"lazy\" decoding=\"async\" class=\"size-large wp-image-1067 alignnone\" src=\"http:\/\/www.chill-in.cz\/wp-content\/uploads\/2019\/06\/Paneer2019_02-1024x683.jpg\" alt=\"\" width=\"730\" height=\"487\" srcset=\"https:\/\/www.chill-in.cz\/wp-content\/uploads\/2019\/06\/Paneer2019_02-1024x683.jpg 1024w, https:\/\/www.chill-in.cz\/wp-content\/uploads\/2019\/06\/Paneer2019_02-300x200.jpg 300w, https:\/\/www.chill-in.cz\/wp-content\/uploads\/2019\/06\/Paneer2019_02-768x512.jpg 768w\" sizes=\"auto, (max-width: 730px) 100vw, 730px\" \/><\/p>\n<p><strong>2.<\/strong> A\u017e v\u00a0tom neudr\u017e\u00ed\u0161 prst, tak do ml\u00e9ka vyma\u010dkej v\u0161echny p\u016flky citronu, jednu po druh\u00e9 a po ka\u017ed\u00e9 p\u016flce dob\u0159e zam\u00edchej. Citron \u017ed\u00edmej p\u0159es cedn\u00edk, abys pak zbyte\u010dn\u011b nesral\/a pecky. M\u00edchej.\u00a0Za jednotky minut to za\u010dne vypadat n\u011bjak takto:<\/p>\n<p><img loading=\"lazy\" decoding=\"async\" class=\"size-large wp-image-1068 alignnone\" src=\"http:\/\/www.chill-in.cz\/wp-content\/uploads\/2019\/06\/Paneer2019_03-1024x683.jpg\" alt=\"\" width=\"730\" height=\"487\" srcset=\"https:\/\/www.chill-in.cz\/wp-content\/uploads\/2019\/06\/Paneer2019_03-1024x683.jpg 1024w, https:\/\/www.chill-in.cz\/wp-content\/uploads\/2019\/06\/Paneer2019_03-300x200.jpg 300w, https:\/\/www.chill-in.cz\/wp-content\/uploads\/2019\/06\/Paneer2019_03-768x512.jpg 768w\" sizes=\"auto, (max-width: 730px) 100vw, 730px\" \/><\/p>\n<p><strong>3.<\/strong> Proces sr\u00e1\u017een\u00ed skon\u010d\u00ed po kr\u00e1tk\u00e9 chv\u00edli (minuta?). Zdroj tepla odstav\u00ed\u0161 a\u017e bude hotovo. Z ml\u00edka se stanou cucky paneeru a zb\u00fdvaj\u00edc\u00ed pro paneer nevyu\u017eiteln\u00e1 kapalina. Pokud je tato kapalina relativn\u011b pr\u016fhledn\u00e1, je to hotov\u00fd a u\u017e z toho v\u00edce nevym\u00e1\u010dkne\u0161. Pokud tato kapalina vypad\u00e1 furt jako ml\u00edko, p\u0159edej citronovou \u0161\u0165\u00e1vu. T\u00e9 bylo evidentn\u011b m\u00e1lo vzhledem k p\u016fvodn\u00edmu objemu ml\u00edka.<\/p>\n<p><span style=\"font-size: inherit;\"><strong>4.<\/strong> Potom se pokus scedit vodu: obsah kastr\u00f3lu prdni do pl\u00ednky nebo ut\u011brky. Nejl\u00edp se to d\u011bl\u00e1, kdy\u017e hadru vystele\u0161 do velk\u00fdho ce\u010f\u00e1ku na t\u011bstoviny a hrkne\u0161 tu hmotu do toho.<\/span><\/p>\n<p><img loading=\"lazy\" decoding=\"async\" class=\"alignnone size-large wp-image-1070\" src=\"http:\/\/www.chill-in.cz\/wp-content\/uploads\/2019\/06\/Paneer2019_05-1024x683.jpg\" alt=\"\" width=\"730\" height=\"487\" srcset=\"https:\/\/www.chill-in.cz\/wp-content\/uploads\/2019\/06\/Paneer2019_05-1024x683.jpg 1024w, https:\/\/www.chill-in.cz\/wp-content\/uploads\/2019\/06\/Paneer2019_05-300x200.jpg 300w, https:\/\/www.chill-in.cz\/wp-content\/uploads\/2019\/06\/Paneer2019_05-768x512.jpg 768w\" sizes=\"auto, (max-width: 730px) 100vw, 730px\" \/><\/p>\n<p><strong>5.<\/strong> P\u011bkn\u011b to zabal do pleny a slisuj mezi desky. Zbytek vody vyte\u010de.<\/p>\n<p><img loading=\"lazy\" decoding=\"async\" class=\"alignnone size-large wp-image-1072\" src=\"http:\/\/www.chill-in.cz\/wp-content\/uploads\/2019\/06\/Paneer2019_07-1024x683.jpg\" alt=\"\" width=\"730\" height=\"487\" srcset=\"https:\/\/www.chill-in.cz\/wp-content\/uploads\/2019\/06\/Paneer2019_07-1024x683.jpg 1024w, https:\/\/www.chill-in.cz\/wp-content\/uploads\/2019\/06\/Paneer2019_07-300x200.jpg 300w, https:\/\/www.chill-in.cz\/wp-content\/uploads\/2019\/06\/Paneer2019_07-768x512.jpg 768w\" sizes=\"auto, (max-width: 730px) 100vw, 730px\" \/><\/p>\n<p>Nech to v lisovat do \u00fapln\u00fdho vychladnut\u00ed, minim\u00e1ln\u011b 30 minut.<\/p>\n<p><img loading=\"lazy\" decoding=\"async\" class=\"alignnone size-large wp-image-1074\" src=\"http:\/\/www.chill-in.cz\/wp-content\/uploads\/2019\/06\/Paneer2019_09-1024x683.jpg\" alt=\"\" width=\"730\" height=\"487\" srcset=\"https:\/\/www.chill-in.cz\/wp-content\/uploads\/2019\/06\/Paneer2019_09-1024x683.jpg 1024w, https:\/\/www.chill-in.cz\/wp-content\/uploads\/2019\/06\/Paneer2019_09-300x200.jpg 300w, https:\/\/www.chill-in.cz\/wp-content\/uploads\/2019\/06\/Paneer2019_09-768x512.jpg 768w\" sizes=\"auto, (max-width: 730px) 100vw, 730px\" \/><\/p>\n<p style=\"text-align: center;\">&#8212;&#8212;&#8212;- <strong>fotogalerie<\/strong> &#8212;&#8212;&#8212;-<\/p>\n<div id='gallery-1' class='gallery galleryid-280 gallery-columns-2 gallery-size-medium'><figure class='gallery-item'>\n\t\t\t<div class='gallery-icon landscape'>\n\t\t\t\t<img loading=\"lazy\" decoding=\"async\" width=\"300\" height=\"200\" src=\"https:\/\/www.chill-in.cz\/wp-content\/uploads\/2019\/06\/Paneer2019_01-300x200.jpg\" class=\"attachment-medium size-medium\" alt=\"\" srcset=\"https:\/\/www.chill-in.cz\/wp-content\/uploads\/2019\/06\/Paneer2019_01-300x200.jpg 300w, https:\/\/www.chill-in.cz\/wp-content\/uploads\/2019\/06\/Paneer2019_01-768x512.jpg 768w, https:\/\/www.chill-in.cz\/wp-content\/uploads\/2019\/06\/Paneer2019_01-1024x683.jpg 1024w\" sizes=\"auto, (max-width: 300px) 100vw, 300px\" \/>\n\t\t\t<\/div><\/figure><figure class='gallery-item'>\n\t\t\t<div class='gallery-icon landscape'>\n\t\t\t\t<img loading=\"lazy\" decoding=\"async\" width=\"300\" height=\"200\" src=\"https:\/\/www.chill-in.cz\/wp-content\/uploads\/2019\/06\/Paneer2019_02-300x200.jpg\" class=\"attachment-medium size-medium\" alt=\"\" srcset=\"https:\/\/www.chill-in.cz\/wp-content\/uploads\/2019\/06\/Paneer2019_02-300x200.jpg 300w, https:\/\/www.chill-in.cz\/wp-content\/uploads\/2019\/06\/Paneer2019_02-768x512.jpg 768w, https:\/\/www.chill-in.cz\/wp-content\/uploads\/2019\/06\/Paneer2019_02-1024x683.jpg 1024w\" sizes=\"auto, (max-width: 300px) 100vw, 300px\" \/>\n\t\t\t<\/div><\/figure><figure class='gallery-item'>\n\t\t\t<div class='gallery-icon landscape'>\n\t\t\t\t<img loading=\"lazy\" decoding=\"async\" width=\"300\" height=\"200\" src=\"https:\/\/www.chill-in.cz\/wp-content\/uploads\/2019\/06\/Paneer2019_03-300x200.jpg\" class=\"attachment-medium size-medium\" alt=\"\" srcset=\"https:\/\/www.chill-in.cz\/wp-content\/uploads\/2019\/06\/Paneer2019_03-300x200.jpg 300w, https:\/\/www.chill-in.cz\/wp-content\/uploads\/2019\/06\/Paneer2019_03-768x512.jpg 768w, https:\/\/www.chill-in.cz\/wp-content\/uploads\/2019\/06\/Paneer2019_03-1024x683.jpg 1024w\" sizes=\"auto, (max-width: 300px) 100vw, 300px\" \/>\n\t\t\t<\/div><\/figure><figure class='gallery-item'>\n\t\t\t<div class='gallery-icon landscape'>\n\t\t\t\t<img loading=\"lazy\" decoding=\"async\" width=\"300\" height=\"200\" src=\"https:\/\/www.chill-in.cz\/wp-content\/uploads\/2019\/06\/Paneer2019_04-300x200.jpg\" class=\"attachment-medium size-medium\" alt=\"\" srcset=\"https:\/\/www.chill-in.cz\/wp-content\/uploads\/2019\/06\/Paneer2019_04-300x200.jpg 300w, https:\/\/www.chill-in.cz\/wp-content\/uploads\/2019\/06\/Paneer2019_04-768x512.jpg 768w, https:\/\/www.chill-in.cz\/wp-content\/uploads\/2019\/06\/Paneer2019_04-1024x683.jpg 1024w\" sizes=\"auto, (max-width: 300px) 100vw, 300px\" \/>\n\t\t\t<\/div><\/figure><figure class='gallery-item'>\n\t\t\t<div class='gallery-icon landscape'>\n\t\t\t\t<img loading=\"lazy\" decoding=\"async\" width=\"300\" height=\"200\" src=\"https:\/\/www.chill-in.cz\/wp-content\/uploads\/2019\/06\/Paneer2019_05-300x200.jpg\" class=\"attachment-medium size-medium\" alt=\"\" srcset=\"https:\/\/www.chill-in.cz\/wp-content\/uploads\/2019\/06\/Paneer2019_05-300x200.jpg 300w, https:\/\/www.chill-in.cz\/wp-content\/uploads\/2019\/06\/Paneer2019_05-768x512.jpg 768w, https:\/\/www.chill-in.cz\/wp-content\/uploads\/2019\/06\/Paneer2019_05-1024x683.jpg 1024w\" sizes=\"auto, (max-width: 300px) 100vw, 300px\" \/>\n\t\t\t<\/div><\/figure><figure class='gallery-item'>\n\t\t\t<div class='gallery-icon landscape'>\n\t\t\t\t<img loading=\"lazy\" decoding=\"async\" width=\"300\" height=\"200\" src=\"https:\/\/www.chill-in.cz\/wp-content\/uploads\/2019\/06\/Paneer2019_06-300x200.jpg\" class=\"attachment-medium size-medium\" alt=\"\" srcset=\"https:\/\/www.chill-in.cz\/wp-content\/uploads\/2019\/06\/Paneer2019_06-300x200.jpg 300w, https:\/\/www.chill-in.cz\/wp-content\/uploads\/2019\/06\/Paneer2019_06-768x512.jpg 768w, https:\/\/www.chill-in.cz\/wp-content\/uploads\/2019\/06\/Paneer2019_06-1024x683.jpg 1024w\" sizes=\"auto, (max-width: 300px) 100vw, 300px\" \/>\n\t\t\t<\/div><\/figure><figure class='gallery-item'>\n\t\t\t<div class='gallery-icon landscape'>\n\t\t\t\t<img loading=\"lazy\" decoding=\"async\" width=\"300\" height=\"200\" src=\"https:\/\/www.chill-in.cz\/wp-content\/uploads\/2019\/06\/Paneer2019_08-300x200.jpg\" class=\"attachment-medium size-medium\" alt=\"\" srcset=\"https:\/\/www.chill-in.cz\/wp-content\/uploads\/2019\/06\/Paneer2019_08-300x200.jpg 300w, https:\/\/www.chill-in.cz\/wp-content\/uploads\/2019\/06\/Paneer2019_08-768x512.jpg 768w, https:\/\/www.chill-in.cz\/wp-content\/uploads\/2019\/06\/Paneer2019_08-1024x683.jpg 1024w\" sizes=\"auto, (max-width: 300px) 100vw, 300px\" \/>\n\t\t\t<\/div><\/figure><figure class='gallery-item'>\n\t\t\t<div class='gallery-icon landscape'>\n\t\t\t\t<img loading=\"lazy\" decoding=\"async\" width=\"300\" height=\"200\" src=\"https:\/\/www.chill-in.cz\/wp-content\/uploads\/2019\/06\/Paneer2019_07-300x200.jpg\" class=\"attachment-medium size-medium\" alt=\"\" srcset=\"https:\/\/www.chill-in.cz\/wp-content\/uploads\/2019\/06\/Paneer2019_07-300x200.jpg 300w, https:\/\/www.chill-in.cz\/wp-content\/uploads\/2019\/06\/Paneer2019_07-768x512.jpg 768w, https:\/\/www.chill-in.cz\/wp-content\/uploads\/2019\/06\/Paneer2019_07-1024x683.jpg 1024w\" sizes=\"auto, (max-width: 300px) 100vw, 300px\" \/>\n\t\t\t<\/div><\/figure><figure class='gallery-item'>\n\t\t\t<div class='gallery-icon landscape'>\n\t\t\t\t<img loading=\"lazy\" decoding=\"async\" width=\"300\" height=\"200\" src=\"https:\/\/www.chill-in.cz\/wp-content\/uploads\/2019\/06\/Paneer2019_09-300x200.jpg\" class=\"attachment-medium size-medium\" alt=\"\" srcset=\"https:\/\/www.chill-in.cz\/wp-content\/uploads\/2019\/06\/Paneer2019_09-300x200.jpg 300w, https:\/\/www.chill-in.cz\/wp-content\/uploads\/2019\/06\/Paneer2019_09-768x512.jpg 768w, https:\/\/www.chill-in.cz\/wp-content\/uploads\/2019\/06\/Paneer2019_09-1024x683.jpg 1024w\" sizes=\"auto, (max-width: 300px) 100vw, 300px\" \/>\n\t\t\t<\/div><\/figure><figure class='gallery-item'>\n\t\t\t<div class='gallery-icon landscape'>\n\t\t\t\t<img loading=\"lazy\" decoding=\"async\" width=\"300\" height=\"200\" src=\"https:\/\/www.chill-in.cz\/wp-content\/uploads\/2019\/06\/Paneer2019_10-300x200.jpg\" class=\"attachment-medium size-medium\" alt=\"\" srcset=\"https:\/\/www.chill-in.cz\/wp-content\/uploads\/2019\/06\/Paneer2019_10-300x200.jpg 300w, https:\/\/www.chill-in.cz\/wp-content\/uploads\/2019\/06\/Paneer2019_10-768x512.jpg 768w, https:\/\/www.chill-in.cz\/wp-content\/uploads\/2019\/06\/Paneer2019_10-1024x683.jpg 1024w\" sizes=\"auto, (max-width: 300px) 100vw, 300px\" \/>\n\t\t\t<\/div><\/figure><figure class='gallery-item'>\n\t\t\t<div class='gallery-icon landscape'>\n\t\t\t\t<img loading=\"lazy\" decoding=\"async\" width=\"300\" height=\"200\" src=\"https:\/\/www.chill-in.cz\/wp-content\/uploads\/2019\/06\/Paneer2019_11-300x200.jpg\" class=\"attachment-medium size-medium\" alt=\"\" srcset=\"https:\/\/www.chill-in.cz\/wp-content\/uploads\/2019\/06\/Paneer2019_11-300x200.jpg 300w, https:\/\/www.chill-in.cz\/wp-content\/uploads\/2019\/06\/Paneer2019_11-768x512.jpg 768w, https:\/\/www.chill-in.cz\/wp-content\/uploads\/2019\/06\/Paneer2019_11-1024x683.jpg 1024w\" sizes=\"auto, (max-width: 300px) 100vw, 300px\" \/>\n\t\t\t<\/div><\/figure>\n\t\t<\/div>\n\n","protected":false},"excerpt":{"rendered":"<p>P\u0158\u00cdLOHY &amp; ESENCE -&gt; PANEER Pan\u00fdr\/Paneer je takov\u00e1 tuh\u00e1 hmota hmota, kter\u00e1 vzhledem\u00a0p\u0159ipom\u00edn\u00e1 s\u00fdr. Chu\u0165 paneeru je \u017e\u00e1dn\u00e1 (ml\u00e9ko) \u2026 respektive je to chu\u0165ov\u011b kompatibiln\u00ed jako to, v\u00a0\u010dem je to p\u0159\u00edtomno, p\u0159\u00edpadn\u011b marinov\u00e1no. Jeho p\u0159idan\u00e1 hodnota spo\u010d\u00edv\u00e1 v\u00a0jeho nev\u00eddan\u00e9 konzistenci a jemnosti po\u017eitku p\u0159i jeho rozkousnut\u00ed v\u00a0kombinaci s\u00a0masalou, ve kter\u00e9 se nach\u00e1z\u00ed. Kdybych musel b\u00fdt vegetari\u00e1n, sv\u011btlo na konci tunelu by byl pr\u00e1v\u011b paneer. Paneer je n\u011bkdy prezentov\u00e1n jako cottage s\u00fdr. Nem\u00e1 to ale nic spole\u010dn\u00fdho s t\u00edm, co pod t\u00edmto n\u00e1zvem najde\u0161 u n\u00e1s v norm\u00e1ln\u00edch obchodech. Paneer se d\u00e1 sehnat v shopech, kter\u00fd jsou p\u0159\u00edmo zam\u011b\u0159en\u00fd na indick\u00fd [&hellip;]<\/p>\n","protected":false},"author":1,"featured_media":0,"parent":0,"menu_order":0,"comment_status":"closed","ping_status":"closed","template":"","meta":{"_bbp_topic_count":0,"_bbp_reply_count":0,"_bbp_total_topic_count":0,"_bbp_total_reply_count":0,"_bbp_voice_count":0,"_bbp_anonymous_reply_count":0,"_bbp_topic_count_hidden":0,"_bbp_reply_count_hidden":0,"_bbp_forum_subforum_count":0,"_exactmetrics_skip_tracking":false,"_exactmetrics_sitenote_active":false,"_exactmetrics_sitenote_note":"","_exactmetrics_sitenote_category":0,"footnotes":""},"class_list":["post-280","page","type-page","status-publish","hentry"],"_links":{"self":[{"href":"https:\/\/www.chill-in.cz\/index.php\/wp-json\/wp\/v2\/pages\/280","targetHints":{"allow":["GET"]}}],"collection":[{"href":"https:\/\/www.chill-in.cz\/index.php\/wp-json\/wp\/v2\/pages"}],"about":[{"href":"https:\/\/www.chill-in.cz\/index.php\/wp-json\/wp\/v2\/types\/page"}],"author":[{"embeddable":true,"href":"https:\/\/www.chill-in.cz\/index.php\/wp-json\/wp\/v2\/users\/1"}],"replies":[{"embeddable":true,"href":"https:\/\/www.chill-in.cz\/index.php\/wp-json\/wp\/v2\/comments?post=280"}],"version-history":[{"count":11,"href":"https:\/\/www.chill-in.cz\/index.php\/wp-json\/wp\/v2\/pages\/280\/revisions"}],"predecessor-version":[{"id":2115,"href":"https:\/\/www.chill-in.cz\/index.php\/wp-json\/wp\/v2\/pages\/280\/revisions\/2115"}],"wp:attachment":[{"href":"https:\/\/www.chill-in.cz\/index.php\/wp-json\/wp\/v2\/media?parent=280"}],"curies":[{"name":"wp","href":"https:\/\/api.w.org\/{rel}","templated":true}]}}