{"id":38,"date":"2018-04-13T18:31:51","date_gmt":"2018-04-13T16:31:51","guid":{"rendered":"http:\/\/www.chill-in.cz\/?page_id=38"},"modified":"2026-04-09T14:53:03","modified_gmt":"2026-04-09T12:53:03","slug":"ostatni-recepty","status":"publish","type":"page","link":"https:\/\/www.chill-in.cz\/index.php\/ostatni-recepty\/","title":{"rendered":"OSTATN\u00cd RECEPTY"},"content":{"rendered":"\n<p>Zde najde\u0161 dal\u0161\u00ed recepty, kter\u00fd stoj\u00ed za pozornost a rozhodn\u011b tady maj\u00ed svoje m\u00edsto. Jsou taky dost vyzkou\u0161en\u00fd, ale za m\u00edru autenticity ruku do hovna ned\u00e1m, ale jsou prost\u011b dobr\u00fd! Na tomto webu je hlavn\u00edm t\u00e9matem indick\u00e1 kuchyn\u011b. Ka\u017edop\u00e1dn\u011b \u017ealudek a chu\u0165ov\u00fd bu\u0148ky ka\u017ed\u00e9 bytosti, pro kterou chilli nen\u00ed sprost\u00fd slovo, zaplesaj\u00ed. Z n\u011bkter\u00fdch se st\u00e1vaj\u00ed vylo\u017een\u011b n\u00e1vykofky.<\/p>\n\n\n\n<p>&nbsp;<\/p>\n\n\n\n<ul class=\"wp-block-list\">\n<li><strong><a href=\"http:\/\/www.chill-in.cz\/index.php\/cina-s-nudlama\/\">STIR-FRY NOODLES<\/a><\/strong><\/li>\n<\/ul>\n\n\n\n<figure class=\"wp-block-image\"><img loading=\"lazy\" decoding=\"async\" width=\"300\" height=\"200\" src=\"http:\/\/www.chill-in.cz\/wp-content\/uploads\/2019\/07\/stir-fry-noodles-17-300x200.jpg\" alt=\"\u010d\u00edna + nudle, fotky krok za krokem\" class=\"wp-image-1365\" srcset=\"https:\/\/www.chill-in.cz\/wp-content\/uploads\/2019\/07\/stir-fry-noodles-17-300x200.jpg 300w, https:\/\/www.chill-in.cz\/wp-content\/uploads\/2019\/07\/stir-fry-noodles-17-768x512.jpg 768w, https:\/\/www.chill-in.cz\/wp-content\/uploads\/2019\/07\/stir-fry-noodles-17-1024x683.jpg 1024w\" sizes=\"auto, (max-width: 300px) 100vw, 300px\" \/><\/figure>\n\n\n\n<p><\/p>\n","protected":false},"excerpt":{"rendered":"<p>Zde najde\u0161 dal\u0161\u00ed recepty, kter\u00fd stoj\u00ed za pozornost a rozhodn\u011b tady maj\u00ed svoje m\u00edsto. Jsou taky dost vyzkou\u0161en\u00fd, ale za m\u00edru autenticity ruku do hovna ned\u00e1m, ale jsou prost\u011b dobr\u00fd! Na tomto webu je hlavn\u00edm t\u00e9matem indick\u00e1 kuchyn\u011b. Ka\u017edop\u00e1dn\u011b \u017ealudek a chu\u0165ov\u00fd bu\u0148ky ka\u017ed\u00e9 bytosti, pro kterou chilli nen\u00ed sprost\u00fd slovo, zaplesaj\u00ed. Z n\u011bkter\u00fdch se st\u00e1vaj\u00ed vylo\u017een\u011b n\u00e1vykofky. &nbsp;<\/p>\n","protected":false},"author":1,"featured_media":0,"parent":0,"menu_order":0,"comment_status":"closed","ping_status":"closed","template":"","meta":{"_bbp_topic_count":0,"_bbp_reply_count":0,"_bbp_total_topic_count":0,"_bbp_total_reply_count":0,"_bbp_voice_count":0,"_bbp_anonymous_reply_count":0,"_bbp_topic_count_hidden":0,"_bbp_reply_count_hidden":0,"_bbp_forum_subforum_count":0,"_exactmetrics_skip_tracking":false,"_exactmetrics_sitenote_active":false,"_exactmetrics_sitenote_note":"","_exactmetrics_sitenote_category":0,"footnotes":""},"class_list":["post-38","page","type-page","status-publish","hentry"],"_links":{"self":[{"href":"https:\/\/www.chill-in.cz\/index.php\/wp-json\/wp\/v2\/pages\/38","targetHints":{"allow":["GET"]}}],"collection":[{"href":"https:\/\/www.chill-in.cz\/index.php\/wp-json\/wp\/v2\/pages"}],"about":[{"href":"https:\/\/www.chill-in.cz\/index.php\/wp-json\/wp\/v2\/types\/page"}],"author":[{"embeddable":true,"href":"https:\/\/www.chill-in.cz\/index.php\/wp-json\/wp\/v2\/users\/1"}],"replies":[{"embeddable":true,"href":"https:\/\/www.chill-in.cz\/index.php\/wp-json\/wp\/v2\/comments?post=38"}],"version-history":[{"count":18,"href":"https:\/\/www.chill-in.cz\/index.php\/wp-json\/wp\/v2\/pages\/38\/revisions"}],"predecessor-version":[{"id":2488,"href":"https:\/\/www.chill-in.cz\/index.php\/wp-json\/wp\/v2\/pages\/38\/revisions\/2488"}],"wp:attachment":[{"href":"https:\/\/www.chill-in.cz\/index.php\/wp-json\/wp\/v2\/media?parent=38"}],"curies":[{"name":"wp","href":"https:\/\/api.w.org\/{rel}","templated":true}]}}