{"id":571,"date":"2018-04-21T12:11:50","date_gmt":"2018-04-21T10:11:50","guid":{"rendered":"http:\/\/www.chill-in.cz\/?page_id=571"},"modified":"2026-04-08T11:56:01","modified_gmt":"2026-04-08T09:56:01","slug":"paratha","status":"publish","type":"page","link":"https:\/\/www.chill-in.cz\/index.php\/paratha\/","title":{"rendered":"Placky"},"content":{"rendered":"<p><span style=\"display: inline !important; float: none; background-color: #ffffff; color: #333333; cursor: text; font-family: 'Open Sans',sans-serif; font-size: 14px; font-style: normal; font-variant: normal; font-weight: 400; letter-spacing: normal; orphans: 2; text-align: left; text-decoration: none; text-indent: 0px; text-transform: none; -webkit-text-stroke-width: 0px; white-space: normal; word-spacing: 0px;\">P\u0158\u00cdLOHY &amp; ESENCE -&gt; <\/span>PLACKY<\/p>\n<p><img loading=\"lazy\" decoding=\"async\" class=\"size-large wp-image-1485 alignnone\" src=\"http:\/\/www.chill-in.cz\/wp-content\/uploads\/2019\/07\/paratha_12-1024x683.jpg\" alt=\"\" width=\"730\" height=\"487\" srcset=\"https:\/\/www.chill-in.cz\/wp-content\/uploads\/2019\/07\/paratha_12-1024x683.jpg 1024w, https:\/\/www.chill-in.cz\/wp-content\/uploads\/2019\/07\/paratha_12-300x200.jpg 300w, https:\/\/www.chill-in.cz\/wp-content\/uploads\/2019\/07\/paratha_12-768x512.jpg 768w\" sizes=\"auto, (max-width: 730px) 100vw, 730px\" \/><\/p>\n<p style=\"text-align: center;\">&#8212;&#8212;&#8212;-\u00a0<strong>intro\u00a0<\/strong>&#8212;&#8212;&#8212;-<\/p>\n<p>Vedle <a href=\"http:\/\/www.chill-in.cz\/index.php\/ryze\/\"><strong>basmati r\u00fd\u017ee<\/strong><\/a> se jedn\u00e1 o druhou nej\u010dast\u011bji pou\u017e\u00edvanou p\u0159\u00edlohu k indick\u00fdm j\u00eddl\u016fm. Stejn\u011b tak, jako n\u011bkdo m\u00e1 r\u00e1d olivy a jinej je nesn\u00e1\u0161\u00ed, stejn\u011b tak jako n\u011bkdo soulo\u017e\u00ed s chlapama, tak jinej zase s \u017eenskejma, stejn\u011b tak jako si n\u011bkdo vyt\u00edr\u00e1 prdel pohybem nahoru a jinej pohybem dol\u016f, stejn\u011b tak existujou dva t\u00e1bory v n\u00e1zorech na nejlep\u0161\u00ed p\u0159\u00edlohu k indick\u00fdmu j\u00eddlu.<\/p>\n<p>Pokud se budeme bavit o plack\u00e1ch, hlavn\u00edch rol\u00edch hraj\u00ed <a href=\"https:\/\/www.chill-in.cz\/index.php\/parotta\/\"><strong>paratha<\/strong><\/a>, <strong>chapati<\/strong> a <strong>naan<\/strong>. V\u0161echno to za\u010d\u00edn\u00e1 stejn\u00fdm zp\u016fsobem. To je uh\u0148\u00e1c\u00e1n\u00ed n\u011bjak\u00fdho t\u011bsta.<\/p>\n<ul>\n<li><a href=\"https:\/\/www.chill-in.cz\/index.php\/parotta\/\"><strong>Paratha<\/strong> <\/a>se z toho t\u011bsta v\u00e1l\u00ed tak, \u017ee je navrstven\u00e1. R\u016fzn\u00fdm zp\u016fsobem se to promaz\u00e1v\u00e1 m\u00e1slem a p\u0159ekl\u00e1d\u00e1, aby vznikly vrstvy s tukem. Ten se p\u0159i sma\u017een\u00ed n\u011bjak odpa\u0159\u00ed a stane se to, \u017ee uvnit\u0159 parathy se f optim\u00e1ln\u00edm p\u0159\u00edpad\u011b objev\u00ed dutiny ve vrstv\u00e1ch. Navrstven\u00fd uv\u00e1len\u00fd t\u011bsto na parathu se vosma\u017e\u00ed na ghee. T\u00edm vznikne nad\u00fdchan\u00e1 a m\u011bkkou\u010dk\u00e1 placka, kter\u00e1 m\u00e1 pr\u00e1vo pat\u0159it na v\u00fdslun\u00ed mezi p\u0159\u00edlohama k indick\u00fdm j\u00eddl\u016fm. Je\u0161t\u011b existujou variace na t\u00e9ma paratha t\u0159eba s cibulou, \u010desnekem nebo paneerem. F\u0161echno to je hrozn\u011b moc dobr\u00fd!<\/li>\n<li><strong>Chapati<\/strong> je o trochu jednodu\u0161\u0161\u00ed na v\u00e1len\u00ed, proto\u017ee se jedn\u00e1 o placku, kter\u00e1 m\u00e1 jednu vrstvu a je tenk\u00e1 t\u0159eba t\u0159i milimetry. Chapati se pra\u017e\u00ed na such\u00e9 p\u00e1nvi, co\u017e by mohlo b\u00fdt jako\u017ee o n\u011bco v\u00edc zdrav\u00fd.<\/li>\n<li><strong>Naan<\/strong> &#8230; no to moc nev\u00edm. Hlavn\u00ed rozd\u00edl bude asi to, \u017ee se tepeln\u011b zpracov\u00e1v\u00e1 v tandoori peci, kde se rozv\u00e1len\u00fd t\u011bsto na chv\u00edlu nalep\u00ed na st\u011bnu pece.<\/li>\n<\/ul>\n<p>Postup je\u0161t\u011b bohu\u017eel nen\u00ed tak zm\u00e1nkutej, aby v\u00fdsledek byl 100% autenticky \u00fa\u017easnej, ale i tato verze je relativn\u011b dob\u0159e pou\u017eiteln\u00e1. Esi e\u0161\u010de n\u011bkdy pojedu na v\u00fdchod, tak si mus\u00edm nachystat extra budget na \u00faplatky, abych zjistil, jak to kurva p\u0159esn\u011b d\u011blaj\u00ed, \u017ee to maj tak u\u017easn\u00fd?! Edit 2026: Tady je ten <a href=\"https:\/\/www.chill-in.cz\/index.php\/parotta\/\">podplacenej postup na v\u00fdroby parathy<\/a>, kterej jsem vy\u0161m\u00edroval v gar\u00e1\u017ei p\u0159ed\u011blanou na kuchy\u0148.<\/p>\n<p style=\"text-align: center;\">&#8212;&#8212;&#8212;-\u00a0<strong>ingredience\u00a0<\/strong>&#8212;&#8212;&#8212;-<\/p>\n<p><img loading=\"lazy\" decoding=\"async\" class=\"alignright size-medium wp-image-1474\" src=\"http:\/\/www.chill-in.cz\/wp-content\/uploads\/2019\/07\/paratha_01-300x200.jpg\" alt=\"\" width=\"300\" height=\"200\" srcset=\"https:\/\/www.chill-in.cz\/wp-content\/uploads\/2019\/07\/paratha_01-300x200.jpg 300w, https:\/\/www.chill-in.cz\/wp-content\/uploads\/2019\/07\/paratha_01-768x512.jpg 768w, https:\/\/www.chill-in.cz\/wp-content\/uploads\/2019\/07\/paratha_01-1024x683.jpg 1024w\" sizes=\"auto, (max-width: 300px) 100vw, 300px\" \/>Z n\u00e1sleduj\u00edc\u00edho mno\u017estv\u00ed bude\u0161 m\u00edt cca 8 poctivejch placek.<\/p>\n<ul>\n<li>1 kg hladk\u00e9 mouky<\/li>\n<li>100 ml oleje<\/li>\n<li>1 hrnek vody<\/li>\n<li>1 tsp soli<\/li>\n<\/ul>\n<ul>\n<li><a href=\"http:\/\/www.chill-in.cz\/index.php\/ghee\/\"><strong>Ghee<\/strong> <\/a>nebo m\u00e1slo na sma\u017een\u00ed<\/li>\n<\/ul>\n<p><span style=\"color: #ffffff;\">.<\/span><\/p>\n<p><span style=\"color: #ffffff;\">.<\/span><\/p>\n<p style=\"text-align: center;\">&#8212;&#8212;&#8212;-\u00a0<strong>postup\u00a0<\/strong>&#8212;&#8212;&#8212;-<\/p>\n<p><span style=\"color: #ffffff;\">.<\/span><\/p>\n<p><strong><img loading=\"lazy\" decoding=\"async\" class=\"alignright wp-image-1475 size-medium\" src=\"http:\/\/www.chill-in.cz\/wp-content\/uploads\/2019\/07\/paratha_02-300x200.jpg\" alt=\"\" width=\"300\" height=\"200\" srcset=\"https:\/\/www.chill-in.cz\/wp-content\/uploads\/2019\/07\/paratha_02-300x200.jpg 300w, https:\/\/www.chill-in.cz\/wp-content\/uploads\/2019\/07\/paratha_02-768x512.jpg 768w, https:\/\/www.chill-in.cz\/wp-content\/uploads\/2019\/07\/paratha_02-1024x683.jpg 1024w\" sizes=\"auto, (max-width: 300px) 100vw, 300px\" \/>1.<\/strong> V\u0161echno to vykydni do misky a rozh\u0148\u00e1cej na t\u011bsto. Nech to hodinu smrd\u011bt p\u0159i pokojov\u00e9 teplot\u011b.<\/p>\n<p><span style=\"color: #ffffff;\">.<\/span><\/p>\n<p><span style=\"color: #ffffff;\">.<\/span><\/p>\n<p><span style=\"color: #ffffff;\">.<\/span><\/p>\n<p><span style=\"color: #ffffff;\">.<\/span><\/p>\n<p><span style=\"color: #ffffff;\">.<\/span><\/p>\n<p><strong><img loading=\"lazy\" decoding=\"async\" class=\"alignright size-medium wp-image-1476\" src=\"http:\/\/www.chill-in.cz\/wp-content\/uploads\/2019\/07\/paratha_03-300x200.jpg\" alt=\"\" width=\"300\" height=\"200\" srcset=\"https:\/\/www.chill-in.cz\/wp-content\/uploads\/2019\/07\/paratha_03-300x200.jpg 300w, https:\/\/www.chill-in.cz\/wp-content\/uploads\/2019\/07\/paratha_03-768x512.jpg 768w, https:\/\/www.chill-in.cz\/wp-content\/uploads\/2019\/07\/paratha_03-1024x683.jpg 1024w\" sizes=\"auto, (max-width: 300px) 100vw, 300px\" \/>2.<\/strong> Posyp moukou plochu, kde bude\u0161 v\u00e1let. Z t\u011bsta vezmi kus a upl\u00e1cej z toho kouli o pr\u016fm\u011bru t\u0159eba 6 nebo 7 cm.<\/p>\n<p><span style=\"color: #ffffff;\">.<\/span><\/p>\n<p><span style=\"color: #ffffff;\">.<\/span><\/p>\n<p><span style=\"color: #ffffff;\">.<\/span><\/p>\n<p><span style=\"color: #ffffff;\">.<\/span><\/p>\n<p><span style=\"color: #ffffff;\">.<\/span><\/p>\n<p><strong><img loading=\"lazy\" decoding=\"async\" class=\"alignright size-medium wp-image-1477\" src=\"http:\/\/www.chill-in.cz\/wp-content\/uploads\/2019\/07\/paratha_04-300x200.jpg\" alt=\"\" width=\"300\" height=\"200\" srcset=\"https:\/\/www.chill-in.cz\/wp-content\/uploads\/2019\/07\/paratha_04-300x200.jpg 300w, https:\/\/www.chill-in.cz\/wp-content\/uploads\/2019\/07\/paratha_04-768x512.jpg 768w, https:\/\/www.chill-in.cz\/wp-content\/uploads\/2019\/07\/paratha_04-1024x683.jpg 1024w\" sizes=\"auto, (max-width: 300px) 100vw, 300px\" \/>3.<\/strong> Rozv\u00e1lej na tenkou placku. Pokud d\u011bl\u00e1\u0161 <strong>chapatti<\/strong>, tak pr\u00e1v\u011b v tomto okam\u017eiku m\u00e1\u0161 hotovo a p\u0159ech\u00e1z\u00ed\u0161 k pra\u017een\u00ed placky na such\u00e9 p\u00e1nvi, ot\u00e1\u010d\u00ed\u0161 po p\u016fl minut\u00e1ch, dokud puch\u00fd\u0159e na placce u\u017e brzo budou sp\u00e1len\u00fd. Pokud chce\u0161 <strong>parathu<\/strong>, pokra\u010duje\u0161 d\u00e1l.<\/p>\n<p><span style=\"color: #ffffff;\">.<\/span><\/p>\n<p><span style=\"color: #ffffff;\">\u00a0<\/span><\/p>\n<p><span style=\"color: #ffffff;\">.<\/span><\/p>\n<p><span style=\"color: #ffffff;\">.<\/span><\/p>\n<p><strong><img loading=\"lazy\" decoding=\"async\" class=\"alignright size-medium wp-image-1478\" src=\"http:\/\/www.chill-in.cz\/wp-content\/uploads\/2019\/07\/paratha_05-300x200.jpg\" alt=\"\" width=\"300\" height=\"200\" srcset=\"https:\/\/www.chill-in.cz\/wp-content\/uploads\/2019\/07\/paratha_05-300x200.jpg 300w, https:\/\/www.chill-in.cz\/wp-content\/uploads\/2019\/07\/paratha_05-768x512.jpg 768w, https:\/\/www.chill-in.cz\/wp-content\/uploads\/2019\/07\/paratha_05-1024x683.jpg 1024w\" sizes=\"auto, (max-width: 300px) 100vw, 300px\" \/>4.<\/strong> Napapli na rozv\u00e1lenou placku vrstvu <strong>ghee<\/strong> nebo <strong>m\u00e1sla<\/strong>.<\/p>\n<p><span style=\"color: #ffffff;\">.<\/span><\/p>\n<p><span style=\"color: #ffffff;\">.<\/span><\/p>\n<p><span style=\"color: #ffffff;\">.<\/span><\/p>\n<p><span style=\"color: #ffffff;\">.<\/span><\/p>\n<p><span style=\"color: #ffffff;\">.<\/span><\/p>\n<p><strong><img loading=\"lazy\" decoding=\"async\" class=\"alignright size-medium wp-image-1479\" src=\"http:\/\/www.chill-in.cz\/wp-content\/uploads\/2019\/07\/paratha_06-300x200.jpg\" alt=\"\" width=\"300\" height=\"200\" srcset=\"https:\/\/www.chill-in.cz\/wp-content\/uploads\/2019\/07\/paratha_06-300x200.jpg 300w, https:\/\/www.chill-in.cz\/wp-content\/uploads\/2019\/07\/paratha_06-768x512.jpg 768w, https:\/\/www.chill-in.cz\/wp-content\/uploads\/2019\/07\/paratha_06-1024x683.jpg 1024w\" sizes=\"auto, (max-width: 300px) 100vw, 300px\" \/>5.<\/strong>\u00a0N\u00e1sladn\u011b to zamotej jak pala\u010dinku a ut\u011bsni konce.<\/p>\n<p><span style=\"color: #ffffff;\">.<\/span><\/p>\n<p><span style=\"color: #ffffff;\">.<\/span><\/p>\n<p><span style=\"color: #ffffff;\">.<\/span><\/p>\n<p><span style=\"color: #ffffff;\">.<\/span><\/p>\n<p><span style=\"color: #ffffff;\">.<\/span><\/p>\n<p><strong><img loading=\"lazy\" decoding=\"async\" class=\"alignright size-medium wp-image-1480\" src=\"http:\/\/www.chill-in.cz\/wp-content\/uploads\/2019\/07\/paratha_07-300x200.jpg\" alt=\"\" width=\"300\" height=\"200\" srcset=\"https:\/\/www.chill-in.cz\/wp-content\/uploads\/2019\/07\/paratha_07-300x200.jpg 300w, https:\/\/www.chill-in.cz\/wp-content\/uploads\/2019\/07\/paratha_07-768x512.jpg 768w, https:\/\/www.chill-in.cz\/wp-content\/uploads\/2019\/07\/paratha_07-1024x683.jpg 1024w\" sizes=\"auto, (max-width: 300px) 100vw, 300px\" \/>6.<\/strong> Zamotej to do spir\u00e1ly a p\u0159ipaplej to xob\u011b, aby se to nerozmot\u00e1valo. Toto f\u0161echno d\u011bl\u00e1\u0161 pro to, aby se vytvo\u0159ily vrstvy s tukem uvnit\u0159 <strong>parathy<\/strong>.<\/p>\n<p><span style=\"color: #ffffff;\">.<\/span><\/p>\n<p><span style=\"color: #ffffff;\">.<\/span><\/p>\n<p><span style=\"color: #ffffff;\">.<\/span><\/p>\n<p><span style=\"color: #ffffff;\">.<\/span><\/p>\n<p><strong><img loading=\"lazy\" decoding=\"async\" class=\"alignright size-medium wp-image-1481\" src=\"http:\/\/www.chill-in.cz\/wp-content\/uploads\/2019\/07\/paratha_08-300x200.jpg\" alt=\"\" width=\"300\" height=\"200\" srcset=\"https:\/\/www.chill-in.cz\/wp-content\/uploads\/2019\/07\/paratha_08-300x200.jpg 300w, https:\/\/www.chill-in.cz\/wp-content\/uploads\/2019\/07\/paratha_08-768x512.jpg 768w, https:\/\/www.chill-in.cz\/wp-content\/uploads\/2019\/07\/paratha_08-1024x683.jpg 1024w\" sizes=\"auto, (max-width: 300px) 100vw, 300px\" \/>7.<\/strong> Te\u010f to naposledy rozv\u00e1l\u00ed\u0161 na placku.<\/p>\n<p><span style=\"color: #ffffff;\">.<\/span><\/p>\n<p><span style=\"color: #ffffff;\">.<\/span><\/p>\n<p><span style=\"color: #ffffff;\">.<\/span><\/p>\n<p><span style=\"color: #ffffff;\">.<\/span><\/p>\n<p><span style=\"color: #ffffff;\">.<\/span><\/p>\n<p><strong><img loading=\"lazy\" decoding=\"async\" class=\"alignright size-medium wp-image-1482\" src=\"http:\/\/www.chill-in.cz\/wp-content\/uploads\/2019\/07\/paratha_09-300x200.jpg\" alt=\"\" width=\"300\" height=\"200\" srcset=\"https:\/\/www.chill-in.cz\/wp-content\/uploads\/2019\/07\/paratha_09-300x200.jpg 300w, https:\/\/www.chill-in.cz\/wp-content\/uploads\/2019\/07\/paratha_09-768x512.jpg 768w, https:\/\/www.chill-in.cz\/wp-content\/uploads\/2019\/07\/paratha_09-1024x683.jpg 1024w\" sizes=\"auto, (max-width: 300px) 100vw, 300px\" \/>8.<\/strong> A tu lupne\u0161 na rozp\u00e1lenou a oma\u0161t\u011bnou p\u00e1nev. K tomuto \u00fa\u010delu indick\u00fd babi\u010dky pou\u017e\u00edvaj\u00ed <strong>p\u00e1nev tawa<\/strong>, kter\u00e1 je trochu vypoukl\u00e1 a nen\u00ed proto zrovna vhodn\u00e1 na n\u011bco jin\u00fdho, ne\u017e plynovej spor\u00e1k. Ka\u017edop\u00e1dn\u011b norm\u00e1ln\u00ed p\u00e1nef prost\u011b vole sta\u010d\u00ed.<\/p>\n<p><strong>9.<\/strong> Sma\u017e\u00ed\u0161 z obou stran, t\u0159eba po dvaceti fte\u0159in\u00e1ch ot\u00e1\u010d\u00ed\u0161 tam a zp\u011bt, dokud t\u011b to nep\u0159estane bavit. F p\u0159\u00edpad\u011b pot\u0159eby p\u0159id\u00e1\u0161 ghee nebo m\u00e1slo.<\/p>\n<p><img loading=\"lazy\" decoding=\"async\" class=\"size-large wp-image-1483 alignnone\" src=\"http:\/\/www.chill-in.cz\/wp-content\/uploads\/2019\/07\/paratha_10-1024x683.jpg\" alt=\"\" width=\"730\" height=\"487\" srcset=\"https:\/\/www.chill-in.cz\/wp-content\/uploads\/2019\/07\/paratha_10-1024x683.jpg 1024w, https:\/\/www.chill-in.cz\/wp-content\/uploads\/2019\/07\/paratha_10-300x200.jpg 300w, https:\/\/www.chill-in.cz\/wp-content\/uploads\/2019\/07\/paratha_10-768x512.jpg 768w\" sizes=\"auto, (max-width: 730px) 100vw, 730px\" \/><\/p>\n<p style=\"text-align: center;\">&#8212;&#8212;&#8212;-\u00a0<strong>fotogalerie\u00a0<\/strong>&#8212;&#8212;&#8212;-<\/p>\n<p><span style=\"color: #ffffff;\">.<\/span><\/p>\n<div id='gallery-1' class='gallery galleryid-571 gallery-columns-2 gallery-size-medium'><figure class='gallery-item'>\n\t\t\t<div class='gallery-icon landscape'>\n\t\t\t\t<a href='https:\/\/www.chill-in.cz\/wp-content\/uploads\/2019\/07\/paratha_01.jpg'><img loading=\"lazy\" decoding=\"async\" width=\"300\" height=\"200\" src=\"https:\/\/www.chill-in.cz\/wp-content\/uploads\/2019\/07\/paratha_01-300x200.jpg\" class=\"attachment-medium size-medium\" alt=\"\" srcset=\"https:\/\/www.chill-in.cz\/wp-content\/uploads\/2019\/07\/paratha_01-300x200.jpg 300w, https:\/\/www.chill-in.cz\/wp-content\/uploads\/2019\/07\/paratha_01-768x512.jpg 768w, https:\/\/www.chill-in.cz\/wp-content\/uploads\/2019\/07\/paratha_01-1024x683.jpg 1024w\" sizes=\"auto, (max-width: 300px) 100vw, 300px\" \/><\/a>\n\t\t\t<\/div><\/figure><figure class='gallery-item'>\n\t\t\t<div class='gallery-icon landscape'>\n\t\t\t\t<a href='https:\/\/www.chill-in.cz\/wp-content\/uploads\/2019\/07\/paratha_02.jpg'><img loading=\"lazy\" decoding=\"async\" width=\"300\" height=\"200\" src=\"https:\/\/www.chill-in.cz\/wp-content\/uploads\/2019\/07\/paratha_02-300x200.jpg\" class=\"attachment-medium size-medium\" alt=\"\" srcset=\"https:\/\/www.chill-in.cz\/wp-content\/uploads\/2019\/07\/paratha_02-300x200.jpg 300w, https:\/\/www.chill-in.cz\/wp-content\/uploads\/2019\/07\/paratha_02-768x512.jpg 768w, https:\/\/www.chill-in.cz\/wp-content\/uploads\/2019\/07\/paratha_02-1024x683.jpg 1024w\" sizes=\"auto, (max-width: 300px) 100vw, 300px\" \/><\/a>\n\t\t\t<\/div><\/figure><figure class='gallery-item'>\n\t\t\t<div class='gallery-icon landscape'>\n\t\t\t\t<a href='https:\/\/www.chill-in.cz\/wp-content\/uploads\/2019\/07\/paratha_03.jpg'><img loading=\"lazy\" decoding=\"async\" width=\"300\" height=\"200\" src=\"https:\/\/www.chill-in.cz\/wp-content\/uploads\/2019\/07\/paratha_03-300x200.jpg\" class=\"attachment-medium size-medium\" alt=\"\" srcset=\"https:\/\/www.chill-in.cz\/wp-content\/uploads\/2019\/07\/paratha_03-300x200.jpg 300w, https:\/\/www.chill-in.cz\/wp-content\/uploads\/2019\/07\/paratha_03-768x512.jpg 768w, https:\/\/www.chill-in.cz\/wp-content\/uploads\/2019\/07\/paratha_03-1024x683.jpg 1024w\" sizes=\"auto, (max-width: 300px) 100vw, 300px\" \/><\/a>\n\t\t\t<\/div><\/figure><figure class='gallery-item'>\n\t\t\t<div class='gallery-icon landscape'>\n\t\t\t\t<a href='https:\/\/www.chill-in.cz\/wp-content\/uploads\/2019\/07\/paratha_04.jpg'><img loading=\"lazy\" decoding=\"async\" width=\"300\" height=\"200\" src=\"https:\/\/www.chill-in.cz\/wp-content\/uploads\/2019\/07\/paratha_04-300x200.jpg\" class=\"attachment-medium size-medium\" alt=\"\" srcset=\"https:\/\/www.chill-in.cz\/wp-content\/uploads\/2019\/07\/paratha_04-300x200.jpg 300w, https:\/\/www.chill-in.cz\/wp-content\/uploads\/2019\/07\/paratha_04-768x512.jpg 768w, https:\/\/www.chill-in.cz\/wp-content\/uploads\/2019\/07\/paratha_04-1024x683.jpg 1024w\" sizes=\"auto, (max-width: 300px) 100vw, 300px\" \/><\/a>\n\t\t\t<\/div><\/figure><figure class='gallery-item'>\n\t\t\t<div class='gallery-icon landscape'>\n\t\t\t\t<a href='https:\/\/www.chill-in.cz\/wp-content\/uploads\/2019\/07\/paratha_05.jpg'><img loading=\"lazy\" decoding=\"async\" width=\"300\" height=\"200\" src=\"https:\/\/www.chill-in.cz\/wp-content\/uploads\/2019\/07\/paratha_05-300x200.jpg\" class=\"attachment-medium size-medium\" alt=\"\" srcset=\"https:\/\/www.chill-in.cz\/wp-content\/uploads\/2019\/07\/paratha_05-300x200.jpg 300w, https:\/\/www.chill-in.cz\/wp-content\/uploads\/2019\/07\/paratha_05-768x512.jpg 768w, https:\/\/www.chill-in.cz\/wp-content\/uploads\/2019\/07\/paratha_05-1024x683.jpg 1024w\" sizes=\"auto, (max-width: 300px) 100vw, 300px\" \/><\/a>\n\t\t\t<\/div><\/figure><figure class='gallery-item'>\n\t\t\t<div class='gallery-icon landscape'>\n\t\t\t\t<a href='https:\/\/www.chill-in.cz\/wp-content\/uploads\/2019\/07\/paratha_06.jpg'><img loading=\"lazy\" decoding=\"async\" width=\"300\" height=\"200\" src=\"https:\/\/www.chill-in.cz\/wp-content\/uploads\/2019\/07\/paratha_06-300x200.jpg\" class=\"attachment-medium size-medium\" alt=\"foto paratha postup\" srcset=\"https:\/\/www.chill-in.cz\/wp-content\/uploads\/2019\/07\/paratha_06-300x200.jpg 300w, https:\/\/www.chill-in.cz\/wp-content\/uploads\/2019\/07\/paratha_06-768x512.jpg 768w, https:\/\/www.chill-in.cz\/wp-content\/uploads\/2019\/07\/paratha_06-1024x683.jpg 1024w\" sizes=\"auto, (max-width: 300px) 100vw, 300px\" \/><\/a>\n\t\t\t<\/div><\/figure><figure class='gallery-item'>\n\t\t\t<div class='gallery-icon landscape'>\n\t\t\t\t<a href='https:\/\/www.chill-in.cz\/wp-content\/uploads\/2019\/07\/paratha_07.jpg'><img loading=\"lazy\" decoding=\"async\" width=\"300\" height=\"200\" src=\"https:\/\/www.chill-in.cz\/wp-content\/uploads\/2019\/07\/paratha_07-300x200.jpg\" class=\"attachment-medium size-medium\" alt=\"\" srcset=\"https:\/\/www.chill-in.cz\/wp-content\/uploads\/2019\/07\/paratha_07-300x200.jpg 300w, https:\/\/www.chill-in.cz\/wp-content\/uploads\/2019\/07\/paratha_07-768x512.jpg 768w, https:\/\/www.chill-in.cz\/wp-content\/uploads\/2019\/07\/paratha_07-1024x683.jpg 1024w\" sizes=\"auto, (max-width: 300px) 100vw, 300px\" \/><\/a>\n\t\t\t<\/div><\/figure><figure class='gallery-item'>\n\t\t\t<div class='gallery-icon landscape'>\n\t\t\t\t<a href='https:\/\/www.chill-in.cz\/wp-content\/uploads\/2019\/07\/paratha_08.jpg'><img loading=\"lazy\" decoding=\"async\" width=\"300\" height=\"200\" src=\"https:\/\/www.chill-in.cz\/wp-content\/uploads\/2019\/07\/paratha_08-300x200.jpg\" class=\"attachment-medium size-medium\" alt=\"\" srcset=\"https:\/\/www.chill-in.cz\/wp-content\/uploads\/2019\/07\/paratha_08-300x200.jpg 300w, https:\/\/www.chill-in.cz\/wp-content\/uploads\/2019\/07\/paratha_08-768x512.jpg 768w, https:\/\/www.chill-in.cz\/wp-content\/uploads\/2019\/07\/paratha_08-1024x683.jpg 1024w\" sizes=\"auto, (max-width: 300px) 100vw, 300px\" \/><\/a>\n\t\t\t<\/div><\/figure><figure class='gallery-item'>\n\t\t\t<div class='gallery-icon landscape'>\n\t\t\t\t<a href='https:\/\/www.chill-in.cz\/wp-content\/uploads\/2019\/07\/paratha_09.jpg'><img loading=\"lazy\" decoding=\"async\" width=\"300\" height=\"200\" src=\"https:\/\/www.chill-in.cz\/wp-content\/uploads\/2019\/07\/paratha_09-300x200.jpg\" class=\"attachment-medium size-medium\" alt=\"\" srcset=\"https:\/\/www.chill-in.cz\/wp-content\/uploads\/2019\/07\/paratha_09-300x200.jpg 300w, https:\/\/www.chill-in.cz\/wp-content\/uploads\/2019\/07\/paratha_09-768x512.jpg 768w, https:\/\/www.chill-in.cz\/wp-content\/uploads\/2019\/07\/paratha_09-1024x683.jpg 1024w\" sizes=\"auto, (max-width: 300px) 100vw, 300px\" \/><\/a>\n\t\t\t<\/div><\/figure><figure class='gallery-item'>\n\t\t\t<div class='gallery-icon landscape'>\n\t\t\t\t<a href='https:\/\/www.chill-in.cz\/wp-content\/uploads\/2019\/07\/paratha_12.jpg'><img loading=\"lazy\" decoding=\"async\" width=\"300\" height=\"200\" src=\"https:\/\/www.chill-in.cz\/wp-content\/uploads\/2019\/07\/paratha_12-300x200.jpg\" class=\"attachment-medium size-medium\" alt=\"\" srcset=\"https:\/\/www.chill-in.cz\/wp-content\/uploads\/2019\/07\/paratha_12-300x200.jpg 300w, https:\/\/www.chill-in.cz\/wp-content\/uploads\/2019\/07\/paratha_12-768x512.jpg 768w, https:\/\/www.chill-in.cz\/wp-content\/uploads\/2019\/07\/paratha_12-1024x683.jpg 1024w\" sizes=\"auto, (max-width: 300px) 100vw, 300px\" \/><\/a>\n\t\t\t<\/div><\/figure><figure class='gallery-item'>\n\t\t\t<div class='gallery-icon landscape'>\n\t\t\t\t<a href='https:\/\/www.chill-in.cz\/wp-content\/uploads\/2019\/07\/paratha_11.jpg'><img loading=\"lazy\" decoding=\"async\" width=\"300\" height=\"200\" src=\"https:\/\/www.chill-in.cz\/wp-content\/uploads\/2019\/07\/paratha_11-300x200.jpg\" class=\"attachment-medium size-medium\" alt=\"\" srcset=\"https:\/\/www.chill-in.cz\/wp-content\/uploads\/2019\/07\/paratha_11-300x200.jpg 300w, https:\/\/www.chill-in.cz\/wp-content\/uploads\/2019\/07\/paratha_11-768x512.jpg 768w, https:\/\/www.chill-in.cz\/wp-content\/uploads\/2019\/07\/paratha_11-1024x683.jpg 1024w\" sizes=\"auto, (max-width: 300px) 100vw, 300px\" \/><\/a>\n\t\t\t<\/div><\/figure><figure class='gallery-item'>\n\t\t\t<div class='gallery-icon landscape'>\n\t\t\t\t<a href='https:\/\/www.chill-in.cz\/wp-content\/uploads\/2019\/07\/paratha_10.jpg'><img loading=\"lazy\" decoding=\"async\" width=\"300\" height=\"200\" src=\"https:\/\/www.chill-in.cz\/wp-content\/uploads\/2019\/07\/paratha_10-300x200.jpg\" class=\"attachment-medium size-medium\" alt=\"\" srcset=\"https:\/\/www.chill-in.cz\/wp-content\/uploads\/2019\/07\/paratha_10-300x200.jpg 300w, https:\/\/www.chill-in.cz\/wp-content\/uploads\/2019\/07\/paratha_10-768x512.jpg 768w, https:\/\/www.chill-in.cz\/wp-content\/uploads\/2019\/07\/paratha_10-1024x683.jpg 1024w\" sizes=\"auto, (max-width: 300px) 100vw, 300px\" \/><\/a>\n\t\t\t<\/div><\/figure>\n\t\t<\/div>\n\n","protected":false},"excerpt":{"rendered":"<p>P\u0158\u00cdLOHY &amp; ESENCE -&gt; PLACKY &#8212;&#8212;&#8212;-\u00a0intro\u00a0&#8212;&#8212;&#8212;- Vedle basmati r\u00fd\u017ee se jedn\u00e1 o druhou nej\u010dast\u011bji pou\u017e\u00edvanou p\u0159\u00edlohu k indick\u00fdm j\u00eddl\u016fm. Stejn\u011b tak, jako n\u011bkdo m\u00e1 r\u00e1d olivy a jinej je nesn\u00e1\u0161\u00ed, stejn\u011b tak jako n\u011bkdo soulo\u017e\u00ed s chlapama, tak jinej zase s \u017eenskejma, stejn\u011b tak jako si n\u011bkdo vyt\u00edr\u00e1 prdel pohybem nahoru a jinej pohybem dol\u016f, stejn\u011b tak existujou dva t\u00e1bory v n\u00e1zorech na nejlep\u0161\u00ed p\u0159\u00edlohu k indick\u00fdmu j\u00eddlu. Pokud se budeme bavit o plack\u00e1ch, hlavn\u00edch rol\u00edch hraj\u00ed paratha, chapati a naan. V\u0161echno to za\u010d\u00edn\u00e1 stejn\u00fdm zp\u016fsobem. To je uh\u0148\u00e1c\u00e1n\u00ed n\u011bjak\u00fdho t\u011bsta. Paratha se z toho t\u011bsta v\u00e1l\u00ed tak, \u017ee je [&hellip;]<\/p>\n","protected":false},"author":1,"featured_media":0,"parent":0,"menu_order":0,"comment_status":"closed","ping_status":"closed","template":"","meta":{"_bbp_topic_count":0,"_bbp_reply_count":0,"_bbp_total_topic_count":0,"_bbp_total_reply_count":0,"_bbp_voice_count":0,"_bbp_anonymous_reply_count":0,"_bbp_topic_count_hidden":0,"_bbp_reply_count_hidden":0,"_bbp_forum_subforum_count":0,"_exactmetrics_skip_tracking":false,"_exactmetrics_sitenote_active":false,"_exactmetrics_sitenote_note":"","_exactmetrics_sitenote_category":0,"footnotes":""},"class_list":["post-571","page","type-page","status-publish","hentry"],"_links":{"self":[{"href":"https:\/\/www.chill-in.cz\/index.php\/wp-json\/wp\/v2\/pages\/571","targetHints":{"allow":["GET"]}}],"collection":[{"href":"https:\/\/www.chill-in.cz\/index.php\/wp-json\/wp\/v2\/pages"}],"about":[{"href":"https:\/\/www.chill-in.cz\/index.php\/wp-json\/wp\/v2\/types\/page"}],"author":[{"embeddable":true,"href":"https:\/\/www.chill-in.cz\/index.php\/wp-json\/wp\/v2\/users\/1"}],"replies":[{"embeddable":true,"href":"https:\/\/www.chill-in.cz\/index.php\/wp-json\/wp\/v2\/comments?post=571"}],"version-history":[{"count":42,"href":"https:\/\/www.chill-in.cz\/index.php\/wp-json\/wp\/v2\/pages\/571\/revisions"}],"predecessor-version":[{"id":2448,"href":"https:\/\/www.chill-in.cz\/index.php\/wp-json\/wp\/v2\/pages\/571\/revisions\/2448"}],"wp:attachment":[{"href":"https:\/\/www.chill-in.cz\/index.php\/wp-json\/wp\/v2\/media?parent=571"}],"curies":[{"name":"wp","href":"https:\/\/api.w.org\/{rel}","templated":true}]}}