{"id":766,"date":"2018-04-22T13:36:19","date_gmt":"2018-04-22T11:36:19","guid":{"rendered":"http:\/\/www.chill-in.cz\/?page_id=766"},"modified":"2020-07-17T10:37:23","modified_gmt":"2020-07-17T08:37:23","slug":"clanky","status":"publish","type":"page","link":"https:\/\/www.chill-in.cz\/index.php\/clanky\/","title":{"rendered":"\u010cl\u00e1nky"},"content":{"rendered":"<p>V t\u00e9to sekci je prostor pro v\u00fdblitky, co p\u0159ipom\u00ednaj\u00ed souvisl\u00fd tok textu. \u0158\u00edkejme tomu t\u0159eba<strong> \u010dl\u00e1nky<\/strong>, kter\u00fd se t\u00fdkaj\u00ed indick\u00e9ho va\u0159en\u00ed a v\u011bc\u00ed kolem toho.<\/p>\n<p><span style=\"color: #ffffff;\">.<\/span><\/p>\n<ul>\n<li>Asi neju\u017eite\u010dn\u011bj\u0161\u00ed, co tady najde\u0161, je <a href=\"http:\/\/www.chill-in.cz\/index.php\/jak-zacit-varit-indicky\">\u010dl\u00e1nek o tom, jak za\u010d\u00edt va\u0159it indicky<\/a>. Tento \u010dl\u00e1nek pom\u016f\u017ee otev\u0159\u00edt o\u010di \u00fapln\u00fdm za\u010d\u00e1te\u010dn\u00edk\u016fm, kte\u0159\u00ed se pr\u00e1v\u011b rozhodli, \u017ee cht\u011bj\u00ed um\u011bt va\u0159it indick\u00e1 j\u00eddla.<\/li>\n<li>N\u00e1sleduje \u010dl\u00e1nek <a href=\"http:\/\/www.chill-in.cz\/index.php\/co-toto-wtf-je\/\">o tomto blogu a o tom, pro\u010d vznikl<\/a>.<\/li>\n<li>Pak tady le\u017e\u00ed <a href=\"http:\/\/www.chill-in.cz\/index.php\/chilli\/\">\u010dl\u00e1nek o chilli a chut\u00edch v indick\u00fdch j\u00eddlech<\/a>.<\/li>\n<li>Zaj\u00edmav\u00fd je zamyslet se nad t\u00edm, <a href=\"http:\/\/www.chill-in.cz\/index.php\/procedury\/\">z jak\u00fdch proces\u016f se skl\u00e1d\u00e1 indick\u00fd va\u0159en\u00ed<\/a> a porovn\u00e1vat s postupy, na kter\u00fd jsme zvykl\u00ed z \u010deskk\u00e9 kuchyn\u011b.<\/li>\n<li>Jaxem va\u0159il kurv\u00e1m (kamar\u00e1d\u016fm) na dovolen\u00e9 &#8211; <a href=\"https:\/\/www.chill-in.cz\/index.php\/kurvikend-2019\/\">Kurv\u00edkend 2019<\/a>.<\/li>\n<\/ul>\n","protected":false},"excerpt":{"rendered":"<p>V t\u00e9to sekci je prostor pro v\u00fdblitky, co p\u0159ipom\u00ednaj\u00ed souvisl\u00fd tok textu. \u0158\u00edkejme tomu t\u0159eba \u010dl\u00e1nky, kter\u00fd se t\u00fdkaj\u00ed indick\u00e9ho va\u0159en\u00ed a v\u011bc\u00ed kolem toho. . Asi neju\u017eite\u010dn\u011bj\u0161\u00ed, co tady najde\u0161, je \u010dl\u00e1nek o tom, jak za\u010d\u00edt va\u0159it indicky. Tento \u010dl\u00e1nek pom\u016f\u017ee otev\u0159\u00edt o\u010di \u00fapln\u00fdm za\u010d\u00e1te\u010dn\u00edk\u016fm, kte\u0159\u00ed se pr\u00e1v\u011b rozhodli, \u017ee cht\u011bj\u00ed um\u011bt va\u0159it indick\u00e1 j\u00eddla. N\u00e1sleduje \u010dl\u00e1nek o tomto blogu a o tom, pro\u010d vznikl. Pak tady le\u017e\u00ed \u010dl\u00e1nek o chilli a chut\u00edch v indick\u00fdch j\u00eddlech. Zaj\u00edmav\u00fd je zamyslet se nad t\u00edm, z jak\u00fdch proces\u016f se skl\u00e1d\u00e1 indick\u00fd va\u0159en\u00ed a porovn\u00e1vat s postupy, na kter\u00fd jsme zvykl\u00ed z \u010deskk\u00e9 [&hellip;]<\/p>\n","protected":false},"author":1,"featured_media":0,"parent":0,"menu_order":0,"comment_status":"closed","ping_status":"closed","template":"","meta":{"_bbp_topic_count":0,"_bbp_reply_count":0,"_bbp_total_topic_count":0,"_bbp_total_reply_count":0,"_bbp_voice_count":0,"_bbp_anonymous_reply_count":0,"_bbp_topic_count_hidden":0,"_bbp_reply_count_hidden":0,"_bbp_forum_subforum_count":0,"_exactmetrics_skip_tracking":false,"_exactmetrics_sitenote_active":false,"_exactmetrics_sitenote_note":"","_exactmetrics_sitenote_category":0,"footnotes":""},"class_list":["post-766","page","type-page","status-publish","hentry"],"_links":{"self":[{"href":"https:\/\/www.chill-in.cz\/index.php\/wp-json\/wp\/v2\/pages\/766","targetHints":{"allow":["GET"]}}],"collection":[{"href":"https:\/\/www.chill-in.cz\/index.php\/wp-json\/wp\/v2\/pages"}],"about":[{"href":"https:\/\/www.chill-in.cz\/index.php\/wp-json\/wp\/v2\/types\/page"}],"author":[{"embeddable":true,"href":"https:\/\/www.chill-in.cz\/index.php\/wp-json\/wp\/v2\/users\/1"}],"replies":[{"embeddable":true,"href":"https:\/\/www.chill-in.cz\/index.php\/wp-json\/wp\/v2\/comments?post=766"}],"version-history":[{"count":6,"href":"https:\/\/www.chill-in.cz\/index.php\/wp-json\/wp\/v2\/pages\/766\/revisions"}],"predecessor-version":[{"id":1832,"href":"https:\/\/www.chill-in.cz\/index.php\/wp-json\/wp\/v2\/pages\/766\/revisions\/1832"}],"wp:attachment":[{"href":"https:\/\/www.chill-in.cz\/index.php\/wp-json\/wp\/v2\/media?parent=766"}],"curies":[{"name":"wp","href":"https:\/\/api.w.org\/{rel}","templated":true}]}}